
Suppose -3*p - p = -44. Let s be 18/1 - (9 - 13). What is the greatest common factor of p and s?
11
Let j(o) be the third derivative of 5*o**4/24 - o**3 - 4*o**2. Let u be j(6). Calculate the highest common divisor of u and 12.
12
Suppose 3*l - 72 = -0*l. What is the highest common divisor of l and 12?
12
Let l be 15/(-5) + 675/9. Suppose -5 = -v - 4*v. Let a be (v - 1) + 9*1. Calculate the highest common factor of a and l.
9
Suppose -3*v = 5*k - 335, 2*k - v - 285 = -2*k. Let u(a) = 3*a + 2. Let s be u(4). What is the highest common factor of k and s?
14
Let z(l) = -l**3 - 3*l**2 - 2*l + 2. Let r be z(-2). Suppose -r*t + 57 = 5*n - 2*n, -t + 4*n + 12 = 0. What is the highest common divisor of 12 and t?
12
Let k(t) = 3*t**2 - 14*t. Let x be k(12). Let c be 2/6 - x/(-18). Calculate the highest common divisor of c and 3.
3
Let a be ((-12)/(-24))/((-1)/((-4)/1)). Calculate the highest common divisor of a and 2.
2
Let k(v) = -9*v**3 + 3. Let w be k(-2). What is the greatest common divisor of w and 15?
15
Let v be 11/((-33)/(-90)) - 0. What is the highest common factor of 45 and v?
15
Let h = 17 - -2. Let u(r) = -r**2 + 17*r + 6. Let z be u(10). Calculate the highest common divisor of z and h.
19
Let p(k) = -48*k + 4. Let y be p(-8). Suppose 2*h - 2*g = 119 + 41, 5*h - 2*g = y. Calculate the greatest common divisor of h and 19.
19
Let d be 1/3 + 80/30. Let y(a) = a**3 - 3*a - 1. Let z be y(d). Let r = 29 - z. What is the highest common divisor of 84 and r?
12
Let o = 6 + 12. What is the highest common divisor of o and 90?
18
Suppose 2 = -q - 3*f, -4*f - 46 = -q - 2*q. Calculate the greatest common factor of q and 90.
10
Suppose -2*g + 24 = -2*y, g + 3*y - 12 = 2*y. What is the highest common factor of 36 and g?
12
Let v = 7 - 2. Suppose v*l - 12 - 43 = 0. What is the highest common divisor of 22 and l?
11
Let a be 2/5 - 53/(-5). What is the highest common factor of a and 11?
11
Let c = 240 + 35. Calculate the highest common divisor of c and 25.
25
Suppose -4*u + 2*m = 44, -3*u + 0*u = 2*m + 19. Let a = u + 7. Let t(g) = -4*g**3 + g**2 - 2*g. Let b be t(a). What is the greatest common divisor of 5 and b?
5
Let b(v) = -v**2 - 3*v + 2. Let i be b(-3). Suppose -16 = i*l + 2*l. Let x = l - -7. Calculate the highest common divisor of 15 and x.
3
Let n be 13*10/(1 - -1). What is the greatest common factor of 26 and n?
13
Let n = 26 - 9. What is the highest common divisor of n and 17?
17
Suppose -111 = -3*r + 342. Suppose -3*s + h + 2*h + 111 = 0, -4*s = -h - r. Calculate the greatest common factor of s and 190.
38
Suppose 2*q - 19 - 11 = 0. What is the greatest common divisor of q and 120?
15
Let i = 191 - 121. Let q be (-344)/(-12) - (-4)/(-6). What is the greatest common divisor of q and i?
14
Let s = -286 - -482. Calculate the highest common factor of 28 and s.
28
Suppose -5*v - 4*j + 8 + 95 = 0, 0 = -2*j - 6. What is the greatest common factor of v and 23?
23
Let y = 38 + -26. What is the highest common divisor of 96 and y?
12
Let n(l) = -l + 3. Let h be n(0). Suppose m + 66 = 3*m. What is the highest common factor of h and m?
3
Let t = 51 + 42. Let h be 1*t - (-6 - -9). What is the greatest common factor of h and 36?
18
Let v = -14 - -24. Calculate the greatest common divisor of 110 and v.
10
Suppose -4*r - 101 = -3*y, 4*y + 3*r - 66 - 27 = 0. Calculate the greatest common factor of 27 and y.
27
Suppose 27 + 61 = 4*b + 4*t, 0 = -3*t + 3. Suppose -4*q = -p - 5, -3*q = 3*p - b - 9. What is the highest common factor of p and 7?
7
Suppose -2*d = -4*d + 16. Suppose 0 - d = -2*j. Calculate the highest common divisor of j and 4.
4
Let a(b) = -4*b + 0*b + 4*b - 5 - 2*b. Let t be a(-5). What is the highest common factor of 25 and t?
5
Suppose 8*o + 558 - 3022 = 0. Calculate the highest common factor of 28 and o.
28
Let t be (-136)/(-3) + (-4)/12. Let d be 9/(-4) + 4/16. Let m be (3/d)/(3/(-36)). Calculate the greatest common divisor of m and t.
9
Suppose 0*m - 108 = -5*h - 2*m, -60 = -2*h - 5*m. Let k = 4 - 2. Suppose 0 = 2*f + k*o - 18, 4*f - 2*o = -o + 16. What is the highest common factor of h and f?
5
Let k = -2 - 0. Let p be k/(-12) - 1028/(-24). Suppose t = 53 + p. Calculate the highest common divisor of t and 12.
12
Suppose 2*i - 2 = 0, -2*r + i - 5*i = -20. Let l be (-10)/85 - (-1498)/17. What is the highest common divisor of r and l?
8
Let p be (1 - -3)/((-7)/(4389/(-6))). What is the greatest common factor of 38 and p?
38
Suppose -4*b + 3*u = -60, -5*b - 4*u + 0 = -75. Let v(x) = -16*x - 6. Let d be v(-6). Calculate the greatest common factor of b and d.
15
Let r(f) be the third derivative of 7*f**4/12 + 7*f**3/6 + f**2. Let z be r(7). Calculate the highest common factor of z and 15.
15
Suppose 3*m + 5*t - 41 = 0, 6*t - t + 31 = 3*m. Let p = 58 - 2. Let v = -20 + p. Calculate the greatest common factor of v and m.
12
Suppose -64 = -2*p - 3*m + 2, p = 2*m + 19. Let z be (-3 - -2)/((-9)/p). Let l = -37 + 64. Calculate the greatest common divisor of z and l.
3
Let t be (-6)/(-21) + 66/14. Suppose 2*q - 3*q - t = 0. Let n = 4 - q. Calculate the highest common factor of 9 and n.
9
Let h(l) = 3*l**2 - 5*l + 2. Let s = 40 + -74. Let v be (-5)/20 + s/(-8). Let o be h(v). What is the greatest common divisor of o and 15?
15
Suppose -2*j + 29 = -3*g - 87, 0 = 5*g - 20. What is the highest common factor of j and 8?
8
Let m be (-651)/14*4/(-6). Suppose 5*f - m = -11. Suppose -4*n - 47 = -f*s + 57, -n + 43 = 2*s. Calculate the greatest common factor of 46 and s.
23
Suppose -69 = -z - 30. Let w = -19 + z. Calculate the highest common divisor of 160 and w.
20
Suppose -5 = -2*g + 25. Let s be ((-48)/10)/(1/(-25)). What is the highest common factor of s and g?
15
Let g(f) = -f. Let s be (6 + -22)*3/4. Let u be g(s). Calculate the greatest common divisor of 108 and u.
12
Let w(k) = k**3 + k. Let d be w(3). Calculate the greatest common factor of d and 10.
10
Let z be (-3 - -5)/(1/(-4)). Let k(p) = -p - 6. Let l be k(z). What is the highest common divisor of l and 2?
2
Let q be 0/(2 + -4) - -2. Let i(b) = b. Let m be i(q). What is the highest common divisor of 1 and m?
1
Suppose -6*o + o = -450. Let s be (o/(-7))/((-21)/98). What is the highest common divisor of s and 12?
12
Let m(l) = l**2 + 6*l - 12. Let s be m(-9). Calculate the highest common factor of s and 5.
5
Let u be (-1 - -3)*69/2. Suppose 2*h + v - u = 0, h - 5*v - 35 = 16. Suppose 3*o - 33 = -n, 0 = 3*o + o - 12. Calculate the greatest common divisor of n and h.
12
Let z = -13 + 23. Calculate the greatest common factor of 80 and z.
10
Suppose -5*m + 2*g = -24, -m + 9 = -3*g - 1. Suppose -m*r - r = -15. Suppose -136 = -r*j + 2*j. What is the highest common factor of 17 and j?
17
Let t be (-1)/(-4) + (-34)/8. Let p be -1 - (2*t)/1. What is the greatest common divisor of 28 and p?
7
Suppose -310 = -4*g - 38. What is the highest common factor of g and 51?
17
Suppose 3*o = o + 2*r + 98, 2*o - 96 = 4*r. Let p(t) = 1 + 2*t - 2 - t + 5*t**2. Let b be p(1). What is the greatest common divisor of o and b?
5
Let m = 6 - 6. Let r be m/2 - (1 + 1). Let n be -1 - (1 + r - 144). Calculate the highest common factor of 16 and n.
16
Suppose 3*c - 11 = 1. Let r be 18/(-12) + 306/c. Calculate the greatest common divisor of 15 and r.
15
Let h = -105 + 125. What is the highest common divisor of 80 and h?
20
Let v(n) = n**2 + 6*n - 4. Let z be v(-3). Let g = z - -82. Calculate the highest common divisor of g and 23.
23
Suppose 3 = 5*j + 2*d, -2*j - 2*j = -4*d - 8. Let i be (-4)/((-15)/6 - -2). Calculate the greatest common divisor of i and j.
1
Let f(n) = -n**2 + 10*n - 6. Let x be f(9). Suppose -13 + x = -u. Calculate the highest common factor of u and 25.
5
Let o be 27 - (18/(-12))/(1/2). Let t(q) = q**3 + q**2 - q + 2. Let v be t(-3). Let g = -7 - v. What is the highest common factor of o and g?
6
Suppose 4*c - 4*z = 28, 3*c - z = -5 + 16. Let b be 11/c + 3/6. Calculate the greatest common divisor of 6 and b.
6
Suppose 3*v = 2*v + 66. Let m be -1*((2 - 14) + 0). Let w = m + -6. What is the greatest common factor of v and w?
6
Suppose -3*o + 6 = -2*o. Let g(p) = -p**3 + 6*p**2 + 2*p - 6. Let v be g(o). What is the greatest common factor of v and 24?
6
Let i = 267 - 113. Suppose 5 = -s + 19. What is the greatest common div